. Let u be c(5). What is the highest common factor of u and 10?
2
Suppose 0 = -2*v + 11*v - 603. What is the greatest common divisor of v and 67?
67
Let i = 276 + -251. Let q = 12 - 7. Calculate the highest common factor of q and i.
5
Let r = 45 - 27. Let u(l) = -l. Let q(k) = 7*k - 9. Let t(o) = q(o) + 6*u(o). Let b be t(15). What is the greatest common factor of b and r?
6
Let d(t) = -t**3 - 6*t**2 - 2*t - 6. Let k be d(-6). Calculate the greatest common factor of k and 3.
3
Let z = 184 - -68. What is the highest common divisor of z and 28?
28
Suppose -10 = -d + 10. What is the greatest common factor of d and 630?
10
Let v = 6 - 17. Let d be (-20)/v - (-18)/99. Calculate the greatest common divisor of d and 16.
2
Let j = 149 - 117. Let g(d) = -4*d + 12. Let m be g(-3). What is the highest common factor of j and m?
8
Let p be ((-174)/24 - 1)/(3/(-8)). Calculate the greatest common factor of p and 44.
22
Let z = -145 + -59. Let i be z/15*10/(-4). Calculate the highest common divisor of 17 and i.
17
Let x = -5 - -8. Suppose -2*i - 5*d + 28 = 0, 2*i + 0*d + x*d = 36. Let t(w) = -3*w + 2. Let k be t(-2). What is the greatest common factor of i and k?
8
Let c be (-20)/(-50)*(-85)/(-2). What is the greatest common divisor of c and 34?
17
Let y be 196/(-294) + ((-1847)/(-3) - -1). What is the greatest common factor of 44 and y?
44
Let o(n) = -n**2 - 16*n - 1. Let h be o(-14). Suppose -8 - h = -7*l. Suppose -l*f + 172 + 268 = 0. What is the greatest common factor of f and 8?
8
Suppose -455 = -t - w, -880 = 12*t - 14*t + 4*w. What is the highest common factor of t and 10?
10
Let u(h) = -27*h**3 - 3*h**2 - 6*h - 4. Let m be u(-1). Calculate the highest common divisor of m and 130.
26
Let h = 14 - 13. Let i(m) = 14*m**3 + 2*m**2 - m. Let n be i(1). Let y be 70/n - (-2)/6. Calculate the greatest common factor of y and h.
1
Let l = 7 + -3. Suppose 0*v = -m - 2*v + 36, m = -4*v + 38. Let u = m - 2. Calculate the greatest common factor of l and u.
4
Let w(p) = -p**2 + 8*p - 1. Let d be w(5). Suppose -11*z + d*z = 165. Suppose 2*o + 5*k = 10, 4*o + 2*k - 9 = 11. What is the highest common factor of z and o?
5
Let p be 3 + -54*(-3)/6. Suppose c - 3 = 29. Suppose 5*g = 0, 4*o - 3*g - 148 - c = 0. What is the greatest common divisor of o and p?
15
Let c = -12 + 45. Let n(t) = -2*t - 37. Let d be n(-20). What is the greatest common factor of c and d?
3
Suppose 3*j + 2*j + 165 = t, 0 = 2*t + j - 319. What is the greatest common divisor of t and 96?
32
Let r = 138 - 112. What is the highest common factor of r and 26?
26
Suppose -47 = -2*g - 3*n, 0*g + 2*n + 6 = g. Suppose 4*x - 6*x = -g. Calculate the greatest common divisor of 104 and x.
8
Suppose -2*i + 4*m = 8, 0*i + 4*i - m - 12 = 0. Let t be 2*i/(-24)*-12. What is the highest common factor of 4 and t?
4
Suppose n + 3*n = -c + 12, 0 = 2*c + n - 3. Suppose c = -4*k + k + 45. What is the highest common divisor of k and 75?
15
Let k(f) = -2*f - 3. Let c be k(-2). Suppose -3*p - 9 = -0*p. Let u = p + 5. Calculate the greatest common divisor of u and c.
1
Suppose 0 = m + r - 3, -5*m + 4 = -2*m + 4*r. Let u(y) = 2*y**2 - 4*y - 6. Let b be u(m). Calculate the highest common divisor of 20 and b.
10
Let d be -4 + -1 + 4 + -102. Let c = -39 - d. What is the highest common factor of c and 8?
8
Suppose -3 = -k + 2. Suppose -2*a = -5*d - 45, -a + 15 = 2*d - 3*d. Calculate the highest common divisor of a and k.
5
Let p be 8/2 + (19 - 42 - -27). Calculate the greatest common factor of p and 1000.
8
Let h(j) = -j + 20. Let y be h(0). Let q be (0 - -1)*(y/4 + -3). Calculate the highest common divisor of 6 and q.
2
Let f = 394 + -389. What is the greatest common factor of f and 1?
1
Let w = -18 + 20. Suppose 3*t - 27 = -w*t + 2*q, -4*t = 2*q - 18. Suppose 3*g + 4 = t*z, 2*z + 2 = 5*z - 2*g. What is the highest common divisor of 5 and z?
1
Suppose 5*a - 8*y + 3*y - 225 = 0, 0 = -4*a - 2*y + 186. Let g = 60 - a. What is the greatest common factor of 14 and g?
14
Let g = 10 + -1. Let b be (40/(-12))/5*-3. Suppose -42 = -b*v + 48. Calculate the highest common divisor of g and v.
9
Suppose w + 3*c + 6 - 49 = 0, -2*c - 85 = -3*w. Suppose 2*v = -w + 145. Calculate the highest common divisor of 19 and v.
19
Suppose 46*h - 4*l + 508 = 48*h, 0 = 2*l + 2. What is the greatest common divisor of 16 and h?
16
Suppose l = -3*l + 12. Suppose 0 = -3*x - 2*x + l*y - 75, 3*x = -5*y - 11. Let c = 0 - x. What is the highest common divisor of 3 and c?
3
Suppose -3*u = u - 136. Let w = u - -7. Calculate the greatest common factor of w and 41.
41
Let t = 508 - 484. Calculate the greatest common factor of 6 and t.
6
Let a(j) = j**3 - 6*j**2 + 3*j. Suppose d - 3*n - 12 = 0, 0*d = 4*d + 3*n - 18. Let k be a(d). Let p = k + -16. What is the highest common factor of 16 and p?
2
Let j(d) = d**3 + 7*d**2 - 12. Let c be j(-6). Let s = c - 22. Suppose -5*r + 0 + 4 = -s*q, -3*r + 20 = q. Calculate the greatest common divisor of 64 and q.
8
Let t = 212 + -146. Suppose -114 = -10*a + t. Calculate the highest common divisor of 6 and a.
6
Suppose -2*g - 3*g - 5*z = -75, -65 = -5*g + 5*z. Let n be 3/(-1 - 172/(-160)). Suppose w = n + 2. What is the highest common factor of g and w?
14
Suppose 0 = n - 51 + 25. Suppose -r + 6*r - 1430 = 0. Calculate the highest common divisor of r and n.
26
Let o be 1/6 + (-53)/(-6). Let a = o - -10. Suppose d + 0*d = 5*w + 44, 3*w + 15 = 0. Calculate the greatest common factor of d and a.
19
Let n(k) = -k**2 + 13*k - 7. Let c be n(6). Suppose -5*q - 3*h = -331, -4*q + c + 228 = 3*h. What is the greatest common factor of 170 and q?
34
Let v = -53 - -45. Let z be 5055/40*2 - 2/v. Let l(y) = -11*y + 1. Let g be l(-2). Calculate the greatest common divisor of g and z.
23
Let g(y) = 3 - 379*y - 1 + y**2 + 381*y. Let a(k) = k**3 + k**2 - 3. Let r be a(0). Let z be g(r). Calculate the greatest common divisor of z and 40.
5
Let c = -275 - -275. Let w be 5*(2 + 1/(-1)). Suppose w*k = -4*z + 2, 2*z + 6 = k - c*z. Calculate the greatest common factor of k and 8.
2
Suppose -x - 12 = -3*x. Let l = x + 18. Let v(f) = -f**2 + 35*f + 4. Let n be v(35). What is the highest common divisor of l and n?
4
Let y = 2 - -1. Let g be (-4 - 2)*y/(-2). Suppose p + 3*q = -9, 6*p + 38 = 9*p - 4*q. Calculate the highest common divisor of g and p.
3
Let b = -15 - -11. Let j be (-8 + b)/((-3)/4). Suppose 3*h = 12 + 36. Calculate the greatest common factor of j and h.
16
Suppose 5*f = -z + 6*z + 185, 4*f = -5*z + 157. Let j be f/4 + 15/(-10). Calculate the greatest common divisor of 4 and j.
4
Suppose -p + 5*h + 58 = 0, -p - 132 = -5*p - 5*h. Calculate the highest common factor of p and 2.
2
Let h be 128/6*(19 - 7). What is the highest common divisor of 32 and h?
32
Let q be -50*(-10)/20 + -12. Let j be ((-1)/2)/(3/(-546)). Calculate the greatest common divisor of j and q.
13
Let l(x) be the second derivative of 0 - 1/6*x**3 - 1/2*x**2 + 1/12*x**4 - 7/20*x**5 - 6*x. Let m be l(-1). Calculate the greatest common divisor of 20 and m.
4
Let u be (-20)/(-8)*(-624)/(-40). Calculate the greatest common factor of u and 728.
13
Let f = 104 - 392. Let z be f/(-240)*((-245)/2)/(-1). Calculate the greatest common factor of z and 42.
21
Let v = 28 + -53. Let k = v - -61. Calculate the greatest common factor of 4 and k.
4
Let x = -3 - 3. Let g = x - -14. Let a be (-1 - (-11)/(-5))*55/(-2). What is the highest common divisor of g and a?
8
Let i(z) = z**3 + 5*z**2 + 4*z + 3. Let d be i(-4). Suppose 4*t - d*q = 69, -2*q = 5*t + 2*q - 125. What is the greatest common divisor of 3 and t?
3
Suppose -2*n = -91 - 11. What is the highest common factor of 17 and n?
17
Let k = -202 + 222. What is the highest common factor of k and 540?
20
Suppose 6*k = -0*k + 66. Let u(p) = p**3 + 10*p**2 - p + 1. Let l be u(-10). Calculate the greatest common divisor of l and k.
11
Let n be 68/32 + -2 + (-3381)/(-24). What is the greatest common divisor of n and 188?
47
Suppose 0 = -3*o + 8 - 5. Suppose -y + o + 23 = 0. What is the highest common factor of 36 and y?
12
Let m be (-4 - (1 + -4))*-5. Suppose 5*a = 4*y + 23, 0 = m*a + 10 + 15. Let b be 83 - 4/y*3. What is the highest common factor of 12 and b?
12
Suppose -1205 = -14*d + 559. What is the greatest common divisor of 14 and d?
14
Let o = -54